{"id":68,"date":"2017-11-24T14:03:26","date_gmt":"2017-11-24T13:03:26","guid":{"rendered":"http:\/\/dev.alexpetrusdev.de\/?page_id=68"},"modified":"2021-11-16T11:29:19","modified_gmt":"2021-11-16T10:29:19","slug":"veranstaltungen","status":"publish","type":"page","link":"https:\/\/profil-netzwerkverein.de\/en\/veranstaltungen\/","title":{"rendered":"Veranstaltungen"},"content":{"rendered":"<p><strong>Netzwerkveranstaltungen<\/strong><\/p>\n<ul>\n<li>\u201eMobbing, Bossing, Staffing \u2013 Konfliktdynamiken in der Wissenschaft und ihre Genderdimension\u201c, 20. November 2021<\/li>\n<li>\u201eWelche gesellschaftspolitische Rolle und Verantwortung hat die Wissenschaft?\u201c, 28. November 2020<\/li>\n<li>\u201eVon Peer Review bis H-Index \u2013 Wissenschaftliches Publizieren zwischen Qualit\u00e4tssicherung und Leistungsindikator\u201c, 2. November 2019, Technische Universit\u00e4t Berlin\u00a0| Programm &amp; Pr\u00e4sentationen (nur f\u00fcr Mitglieder)<\/li>\n<li>\u201eKarriereentscheidungen im Wandel des Wissenschaftssystems\u201c, 3. November 2018, Technische Universit\u00e4t Berlin | Programm &amp; Pr\u00e4sentationen (nur f\u00fcr Mitglieder)<\/li>\n<li>\u201eWissenschaft im &#8216;postfaktischen&#8217; Zeitalter\u201c, 11. November 2017, Technische Universit\u00e4t Berlin | Programm &amp; Pr\u00e4sentationen (nur f\u00fcr Mitglieder)<\/li>\n<li>\u201eForschung und Wissenschaftsethos in Zeiten der \u00d6konomisierung der Hochschulen\u201c, 10. Dezember 2016, Technische Universit\u00e4t Berlin | Programm &amp; Pr\u00e4sentationen (nur f\u00fcr Mitglieder)<\/li>\n<li>\u201eGender und Diversity an deutschen Hochschulen: Diskurse, Strategien, Konzepte\u201c, 21. November 2015, Technische Universit\u00e4t Berlin | Programm &amp; Pr\u00e4sentationen (nur f\u00fcr Mitglieder)<\/li>\n<li>\u201eDer Exzellenzbegriff in der Wissenschaft \u2013 eine kritische Reflexion\u201c, 27. September 2014, Technische Universit\u00e4t Berlin | Programm &amp; Pr\u00e4sentationen (nur f\u00fcr Mitglieder)<\/li>\n<li>\u201eErfahrungen mit unterschiedlichen Wegen zur Professur\u201c, 29. April 2014, Technische Universit\u00e4t Berlin | Programm &amp; Pr\u00e4sentationen (nur f\u00fcr Mitglieder)<\/li>\n<li>\u201eDas Hochschul- und Wissenschaftssystem mitgestalten \u2013 Selbstverst\u00e4ndnis und Ziele des ProFiL-Netzwerks\u201c, 5. Oktober 2013, Technische Universit\u00e4t Berlin | Programm &amp; Pr\u00e4sentationen (nur f\u00fcr Mitglieder)<\/li>\n<\/ul>\n<p><strong>Workshops<\/strong><\/p>\n<ul>\n<li>Professorinnen-Workshop \u201ePersonalf\u00fchrung, Nachwuchsf\u00f6rderung, Konfliktmanagement\u201c, 23.-24. September 2021, Birgit Keydel GmbH<\/li>\n<li>Professorinnen-Workshop \u201ePersonalf\u00fchrung, Nachwuchsf\u00f6rderung, Konfliktmanagement\u201c, 1.-2. Oktober 2020, Birgit Keydel GmbH<\/li>\n<li>Nachwuchswissenschaftlerinnen-Workshop \u201ePersonalf\u00fchrung, Nachwuchsf\u00f6rderung, Konfliktmanagement\u201c, 24.-25. September 2020, Birgit Keydel GmbH<\/li>\n<li>Professorinnen-Workshop\u00a0\u201ePersonalf\u00fchrung, Nachwuchsf\u00f6rderung, Konfliktmanagement\u201c, 2.-3. September 2019, Technische Universit\u00e4t Berlin\u00a0| Programm (nur f\u00fcr Mitglieder)<\/li>\n<li>Nachwuchswissenschaftlerinnen-Workshop\u00a0\u201ePersonalf\u00fchrung, Nachwuchsf\u00f6rderung, Konfliktmanagement\u201c, 29.-30. August 2019, Birgit Keydel GmbH\u00a0| Programm (nur f\u00fcr Mitglieder)<\/li>\n<li>Professorinnen-Workshop \u201eGespr\u00e4chsf\u00fchrung in anspruchsvollen Situationen im Wissenschaftsalltag\u201c, 3.-4. September 2018, Technische Universit\u00e4t Berlin | Programm (nur f\u00fcr Mitglieder)<\/li>\n<li>Professorinnen-Workshop \u201ePersonalf\u00fchrung, Nachwuchsf\u00f6rderung, Konfliktmanagement\u201c, 7.-8. September 2017, Technische Universit\u00e4t Berlin | Programm (nur f\u00fcr Mitglieder)<\/li>\n<li>Professorinnen-Workshop \u201ePersonalf\u00fchrung, Nachwuchsf\u00f6rderung, Konfliktmanagement\u201c, 29.-30. September 2016, Technische Universit\u00e4t Berlin | Programm (nur f\u00fcr Mitglieder)<\/li>\n<\/ul>\n<p>[ms-protect-content id=&#8221;1,2&#8243; silent=&#8221;yes&#8221;]<a href=\"https:\/\/profil-netzwerkverein.de\/mitgliederbereich-veranstaltungen\/\">Mitgliederbereich-Veranstaltungen<\/a>[\/ms-protect-content]<\/p>\n","protected":false},"excerpt":{"rendered":"<p>Netzwerkveranstaltungen \u201eMobbing, Bossing, Staffing \u2013 Konfliktdynamiken in der Wissenschaft und ihre Genderdimension\u201c, 20. November 2021 \u201eWelche gesellschaftspolitische Rolle und Verantwortung hat die Wissenschaft?\u201c, 28. November 2020 \u201eVon Peer Review bis H-Index \u2013 Wissenschaftliches Publizieren zwischen Qualit\u00e4tssicherung und Leistungsindikator\u201c, 2. November 2019, Technische Universit\u00e4t Berlin\u00a0| Programm &amp; Pr\u00e4sentationen (nur f\u00fcr Mitglieder) \u201eKarriereentscheidungen im Wandel des Wissenschaftssystems\u201c,&hellip; <\/p>\n","protected":false},"author":1,"featured_media":0,"parent":0,"menu_order":0,"comment_status":"closed","ping_status":"closed","template":"","meta":{"footnotes":""},"class_list":["post-68","page","type-page","status-publish","hentry"],"translation":{"provider":"WPGlobus","version":"3.0.2","language":"en","enabled_languages":["de","en"],"languages":{"de":{"title":true,"content":true,"excerpt":false},"en":{"title":false,"content":false,"excerpt":false}}},"yoast_head":"<!-- This site is optimized with the Yoast SEO plugin v27.1.1 - https:\/\/yoast.com\/product\/yoast-seo-wordpress\/ -->\n<title>Veranstaltungen - ProFil-Netzwerkverein<\/title>\n<meta name=\"robots\" content=\"index, follow, max-snippet:-1, max-image-preview:large, max-video-preview:-1\" \/>\n<link rel=\"canonical\" href=\"https:\/\/profil-netzwerkverein.de\/veranstaltungen\/\" \/>\n<meta name=\"twitter:label1\" content=\"Est. reading time\" \/>\n\t<meta name=\"twitter:data1\" content=\"2 minutes\" \/>\n<script type=\"application\/ld+json\" class=\"yoast-schema-graph\">{\"@context\":\"https:\/\/schema.org\",\"@graph\":[{\"@type\":\"WebPage\",\"@id\":\"https:\/\/profil-netzwerkverein.de\/veranstaltungen\/\",\"url\":\"https:\/\/profil-netzwerkverein.de\/veranstaltungen\/\",\"name\":\"Veranstaltungen - ProFil-Netzwerkverein\",\"isPartOf\":{\"@id\":\"https:\/\/profil-netzwerkverein.de\/#website\"},\"datePublished\":\"2017-11-24T13:03:26+00:00\",\"dateModified\":\"2021-11-16T10:29:19+00:00\",\"breadcrumb\":{\"@id\":\"https:\/\/profil-netzwerkverein.de\/veranstaltungen\/#breadcrumb\"},\"inLanguage\":\"en-US\",\"potentialAction\":[{\"@type\":\"ReadAction\",\"target\":[\"https:\/\/profil-netzwerkverein.de\/veranstaltungen\/\"]}]},{\"@type\":\"BreadcrumbList\",\"@id\":\"https:\/\/profil-netzwerkverein.de\/veranstaltungen\/#breadcrumb\",\"itemListElement\":[{\"@type\":\"ListItem\",\"position\":1,\"name\":\"Startseite\",\"item\":\"https:\/\/profil-netzwerkverein.de\/\"},{\"@type\":\"ListItem\",\"position\":2,\"name\":\"Veranstaltungen\"}]},{\"@type\":\"WebSite\",\"@id\":\"https:\/\/profil-netzwerkverein.de\/#website\",\"url\":\"https:\/\/profil-netzwerkverein.de\/\",\"name\":\"ProFil-Netzwerkverein\",\"description\":\"zur F\u00f6rderung einer exzellenz- und gleichstellungsorientierten F\u00fchrungskr\u00e4fteentwicklung in der Wissenschaft e.V.\",\"publisher\":{\"@id\":\"https:\/\/profil-netzwerkverein.de\/#organization\"},\"potentialAction\":[{\"@type\":\"SearchAction\",\"target\":{\"@type\":\"EntryPoint\",\"urlTemplate\":\"https:\/\/profil-netzwerkverein.de\/?s={search_term_string}\"},\"query-input\":{\"@type\":\"PropertyValueSpecification\",\"valueRequired\":true,\"valueName\":\"search_term_string\"}}],\"inLanguage\":\"en-US\"},{\"@type\":\"Organization\",\"@id\":\"https:\/\/profil-netzwerkverein.de\/#organization\",\"name\":\"ProFiL-Netzwerkverein e. V.\",\"url\":\"https:\/\/profil-netzwerkverein.de\/\",\"logo\":{\"@type\":\"ImageObject\",\"inLanguage\":\"en-US\",\"@id\":\"https:\/\/profil-netzwerkverein.de\/#\/schema\/logo\/image\/\",\"url\":\"https:\/\/profil-netzwerkverein.de\/wp-content\/uploads\/2018\/02\/Logo_ProFiL_version1.1.png\",\"contentUrl\":\"https:\/\/profil-netzwerkverein.de\/wp-content\/uploads\/2018\/02\/Logo_ProFiL_version1.1.png\",\"width\":2000,\"height\":589,\"caption\":\"ProFiL-Netzwerkverein e. V.\"},\"image\":{\"@id\":\"https:\/\/profil-netzwerkverein.de\/#\/schema\/logo\/image\/\"}}]}<\/script>\n<!-- \/ Yoast SEO plugin. -->","yoast_head_json":{"title":"Veranstaltungen - ProFil-Netzwerkverein","robots":{"index":"index","follow":"follow","max-snippet":"max-snippet:-1","max-image-preview":"max-image-preview:large","max-video-preview":"max-video-preview:-1"},"canonical":"https:\/\/profil-netzwerkverein.de\/veranstaltungen\/","twitter_misc":{"Est. reading time":"2 minutes"},"schema":{"@context":"https:\/\/schema.org","@graph":[{"@type":"WebPage","@id":"https:\/\/profil-netzwerkverein.de\/veranstaltungen\/","url":"https:\/\/profil-netzwerkverein.de\/veranstaltungen\/","name":"Veranstaltungen - ProFil-Netzwerkverein","isPartOf":{"@id":"https:\/\/profil-netzwerkverein.de\/#website"},"datePublished":"2017-11-24T13:03:26+00:00","dateModified":"2021-11-16T10:29:19+00:00","breadcrumb":{"@id":"https:\/\/profil-netzwerkverein.de\/veranstaltungen\/#breadcrumb"},"inLanguage":"en-US","potentialAction":[{"@type":"ReadAction","target":["https:\/\/profil-netzwerkverein.de\/veranstaltungen\/"]}]},{"@type":"BreadcrumbList","@id":"https:\/\/profil-netzwerkverein.de\/veranstaltungen\/#breadcrumb","itemListElement":[{"@type":"ListItem","position":1,"name":"Startseite","item":"https:\/\/profil-netzwerkverein.de\/"},{"@type":"ListItem","position":2,"name":"Veranstaltungen"}]},{"@type":"WebSite","@id":"https:\/\/profil-netzwerkverein.de\/#website","url":"https:\/\/profil-netzwerkverein.de\/","name":"ProFil-Netzwerkverein","description":"zur F\u00f6rderung einer exzellenz- und gleichstellungsorientierten F\u00fchrungskr\u00e4fteentwicklung in der Wissenschaft e.V.","publisher":{"@id":"https:\/\/profil-netzwerkverein.de\/#organization"},"potentialAction":[{"@type":"SearchAction","target":{"@type":"EntryPoint","urlTemplate":"https:\/\/profil-netzwerkverein.de\/?s={search_term_string}"},"query-input":{"@type":"PropertyValueSpecification","valueRequired":true,"valueName":"search_term_string"}}],"inLanguage":"en-US"},{"@type":"Organization","@id":"https:\/\/profil-netzwerkverein.de\/#organization","name":"ProFiL-Netzwerkverein e. V.","url":"https:\/\/profil-netzwerkverein.de\/","logo":{"@type":"ImageObject","inLanguage":"en-US","@id":"https:\/\/profil-netzwerkverein.de\/#\/schema\/logo\/image\/","url":"https:\/\/profil-netzwerkverein.de\/wp-content\/uploads\/2018\/02\/Logo_ProFiL_version1.1.png","contentUrl":"https:\/\/profil-netzwerkverein.de\/wp-content\/uploads\/2018\/02\/Logo_ProFiL_version1.1.png","width":2000,"height":589,"caption":"ProFiL-Netzwerkverein e. V."},"image":{"@id":"https:\/\/profil-netzwerkverein.de\/#\/schema\/logo\/image\/"}}]}},"_links":{"self":[{"href":"https:\/\/profil-netzwerkverein.de\/en\/wp-json\/wp\/v2\/pages\/68","targetHints":{"allow":["GET"]}}],"collection":[{"href":"https:\/\/profil-netzwerkverein.de\/en\/wp-json\/wp\/v2\/pages"}],"about":[{"href":"https:\/\/profil-netzwerkverein.de\/en\/wp-json\/wp\/v2\/types\/page"}],"author":[{"embeddable":true,"href":"https:\/\/profil-netzwerkverein.de\/en\/wp-json\/wp\/v2\/users\/1"}],"replies":[{"embeddable":true,"href":"https:\/\/profil-netzwerkverein.de\/en\/wp-json\/wp\/v2\/comments?post=68"}],"version-history":[{"count":16,"href":"https:\/\/profil-netzwerkverein.de\/en\/wp-json\/wp\/v2\/pages\/68\/revisions"}],"predecessor-version":[{"id":797,"href":"https:\/\/profil-netzwerkverein.de\/en\/wp-json\/wp\/v2\/pages\/68\/revisions\/797"}],"wp:attachment":[{"href":"https:\/\/profil-netzwerkverein.de\/en\/wp-json\/wp\/v2\/media?parent=68"}],"curies":[{"name":"wp","href":"https:\/\/api.w.org\/{rel}","templated":true}]}}

<p><strong>Netzwerkveranstaltungen</strong></p>
<ul>
<li>„Mobbing, Bossing, Staffing – Konfliktdynamiken in der Wissenschaft und ihre Genderdimension“, 20. November 2021</li>
<li>„Welche gesellschaftspolitische Rolle und Verantwortung hat die Wissenschaft?“, 28. November 2020</li>
<li>„Von Peer Review bis H-Index – Wissenschaftliches Publizieren zwischen Qualitätssicherung und Leistungsindikator“, 2. November 2019, Technische Universität Berlin | Programm &amp; Präsentationen (nur für Mitglieder)</li>
<li>„Karriereentscheidungen im Wandel des Wissenschaftssystems“, 3. November 2018, Technische Universität Berlin | Programm &amp; Präsentationen (nur für Mitglieder)</li>
<li>„Wissenschaft im &#8216;postfaktischen&#8217; Zeitalter“, 11. November 2017, Technische Universität Berlin | Programm &amp; Präsentationen (nur für Mitglieder)</li>
<li>„Forschung und Wissenschaftsethos in Zeiten der Ökonomisierung der Hochschulen“, 10. Dezember 2016, Technische Universität Berlin | Programm &amp; Präsentationen (nur für Mitglieder)</li>
<li>„Gender und Diversity an deutschen Hochschulen: Diskurse, Strategien, Konzepte“, 21. November 2015, Technische Universität Berlin | Programm &amp; Präsentationen (nur für Mitglieder)</li>
<li>„Der Exzellenzbegriff in der Wissenschaft – eine kritische Reflexion“, 27. September 2014, Technische Universität Berlin | Programm &amp; Präsentationen (nur für Mitglieder)</li>
<li>„Erfahrungen mit unterschiedlichen Wegen zur Professur“, 29. April 2014, Technische Universität Berlin | Programm &amp; Präsentationen (nur für Mitglieder)</li>
<li>„Das Hochschul- und Wissenschaftssystem mitgestalten – Selbstverständnis und Ziele des ProFiL-Netzwerks“, 5. Oktober 2013, Technische Universität Berlin | Programm &amp; Präsentationen (nur für Mitglieder)</li>
</ul>
<p><strong>Workshops</strong></p>
<ul>
<li>Professorinnen-Workshop „Personalführung, Nachwuchsförderung, Konfliktmanagement“, 23.-24. September 2021, Birgit Keydel GmbH</li>
<li>Professorinnen-Workshop „Personalführung, Nachwuchsförderung, Konfliktmanagement“, 1.-2. Oktober 2020, Birgit Keydel GmbH</li>
<li>Nachwuchswissenschaftlerinnen-Workshop „Personalführung, Nachwuchsförderung, Konfliktmanagement“, 24.-25. September 2020, Birgit Keydel GmbH</li>
<li>Professorinnen-Workshop „Personalführung, Nachwuchsförderung, Konfliktmanagement“, 2.-3. September 2019, Technische Universität Berlin | Programm (nur für Mitglieder)</li>
<li>Nachwuchswissenschaftlerinnen-Workshop „Personalführung, Nachwuchsförderung, Konfliktmanagement“, 29.-30. August 2019, Birgit Keydel GmbH | Programm (nur für Mitglieder)</li>
<li>Professorinnen-Workshop „Gesprächsführung in anspruchsvollen Situationen im Wissenschaftsalltag“, 3.-4. September 2018, Technische Universität Berlin | Programm (nur für Mitglieder)</li>
<li>Professorinnen-Workshop „Personalführung, Nachwuchsförderung, Konfliktmanagement“, 7.-8. September 2017, Technische Universität Berlin | Programm (nur für Mitglieder)</li>
<li>Professorinnen-Workshop „Personalführung, Nachwuchsförderung, Konfliktmanagement“, 29.-30. September 2016, Technische Universität Berlin | Programm (nur für Mitglieder)</li>
</ul>
<p>[ms-protect-content id=&#8221;1,2&#8243; silent=&#8221;yes&#8221;]<a href="https://profil-netzwerkverein.de/mitgliederbereich-veranstaltungen/">Mitgliederbereich-Veranstaltungen</a>[/ms-protect-content]</p>

<p>Netzwerkveranstaltungen „Mobbing, Bossing, Staffing – Konfliktdynamiken in der Wissenschaft und ihre Genderdimension“, 20. November 2021 „Welche gesellschaftspolitische Rolle und Verantwortung hat die Wissenschaft?“, 28. November 2020 „Von Peer Review bis H-Index – Wissenschaftliches Publizieren zwischen Qualitätssicherung und Leistungsindikator“, 2. November 2019, Technische Universität Berlin | Programm &amp; Präsentationen (nur für Mitglieder) „Karriereentscheidungen im Wandel des Wissenschaftssystems“,&hellip; </p>

<!-- This site is optimized with the Yoast SEO plugin v27.1.1 - https://yoast.com/product/yoast-seo-wordpress/ -->
<title>Veranstaltungen - ProFil-Netzwerkverein</title>
<meta name="robots" content="index, follow, max-snippet:-1, max-image-preview:large, max-video-preview:-1" />
<link rel="canonical" href="https://profil-netzwerkverein.de/veranstaltungen/" />
<meta name="twitter:label1" content="Est. reading time" />
	<meta name="twitter:data1" content="2 minutes" />
<script type="application/ld+json" class="yoast-schema-graph">{"@context":"https://schema.org","@graph":[{"@type":"WebPage","@id":"https://profil-netzwerkverein.de/veranstaltungen/","url":"https://profil-netzwerkverein.de/veranstaltungen/","name":"Veranstaltungen - ProFil-Netzwerkverein","isPartOf":{"@id":"https://profil-netzwerkverein.de/#website"},"datePublished":"2017-11-24T13:03:26+00:00","dateModified":"2021-11-16T10:29:19+00:00","breadcrumb":{"@id":"https://profil-netzwerkverein.de/veranstaltungen/#breadcrumb"},"inLanguage":"en-US","potentialAction":[{"@type":"ReadAction","target":["https://profil-netzwerkverein.de/veranstaltungen/"]}]},{"@type":"BreadcrumbList","@id":"https://profil-netzwerkverein.de/veranstaltungen/#breadcrumb","itemListElement":[{"@type":"ListItem","position":1,"name":"Startseite","item":"https://profil-netzwerkverein.de/"},{"@type":"ListItem","position":2,"name":"Veranstaltungen"}]},{"@type":"WebSite","@id":"https://profil-netzwerkverein.de/#website","url":"https://profil-netzwerkverein.de/","name":"ProFil-Netzwerkverein","description":"zur Förderung einer exzellenz- und gleichstellungsorientierten Führungskräfteentwicklung in der Wissenschaft e.V.","publisher":{"@id":"https://profil-netzwerkverein.de/#organization"},"potentialAction":[{"@type":"SearchAction","target":{"@type":"EntryPoint","urlTemplate":"https://profil-netzwerkverein.de/?s={search_term_string}"},"query-input":{"@type":"PropertyValueSpecification","valueRequired":true,"valueName":"search_term_string"}}],"inLanguage":"en-US"},{"@type":"Organization","@id":"https://profil-netzwerkverein.de/#organization","name":"ProFiL-Netzwerkverein e. V.","url":"https://profil-netzwerkverein.de/","logo":{"@type":"ImageObject","inLanguage":"en-US","@id":"https://profil-netzwerkverein.de/#/schema/logo/image/","url":"https://profil-netzwerkverein.de/wp-content/uploads/2018/02/Logo_ProFiL_version1.1.png","contentUrl":"https://profil-netzwerkverein.de/wp-content/uploads/2018/02/Logo_ProFiL_version1.1.png","width":2000,"height":589,"caption":"ProFiL-Netzwerkverein e. V."},"image":{"@id":"https://profil-netzwerkverein.de/#/schema/logo/image/"}}]}</script>
<!-- / Yoast SEO plugin. -->

zur Förderung einer exzellenz- und gleichstellungsorientierten Führungskräfteentwicklung in der Wissenschaft e.V.
